{"id":737,"date":"2019-03-02T00:01:42","date_gmt":"2019-03-02T00:01:42","guid":{"rendered":"http:\/\/turirye.dk\/?page_id=737"},"modified":"2026-02-14T18:30:39","modified_gmt":"2026-02-14T18:30:39","slug":"psykoterapi-supervision-og-healing","status":"publish","type":"page","link":"https:\/\/turirye.dk\/?page_id=737","title":{"rendered":"PSYKOTERAPI OG HEALING"},"content":{"rendered":"\n<p>Jeg tilbyder psykoterapeutisk samtale, supervision og coaching, kropsfordybelse, healing og energiafbalancering. Sessionerne tilpasses den enkeltes \u00f8nsker, behov og proces. Se n\u00e6ste afsnit for supplerende behandlingsmuligheder, der kan indg\u00e5 i sessionen. &#8211; Der tilbydes psykoterapi, samtale og vejledning til b\u00f8rn, unge, voksne og par. &#8211;  Terapi, supervision og healing finder sted i Vemmetofte eller K\u00f8ge (n\u00e6r stationen). \u00c6ldre eller syge bes\u00f8ges eventuelt i egen bolig, p\u00e5 plejehjem eller sygehus.<\/p>\n\n\n\n<figure class=\"wp-block-image size-full\"><img fetchpriority=\"high\" decoding=\"async\" width=\"1000\" height=\"652\" src=\"https:\/\/turirye.dk\/wp-content\/uploads\/2024\/05\/terapi.jpg\" alt=\"\" class=\"wp-image-2811\" srcset=\"https:\/\/turirye.dk\/wp-content\/uploads\/2024\/05\/terapi.jpg 1000w, https:\/\/turirye.dk\/wp-content\/uploads\/2024\/05\/terapi-300x196.jpg 300w, https:\/\/turirye.dk\/wp-content\/uploads\/2024\/05\/terapi-768x501.jpg 768w, https:\/\/turirye.dk\/wp-content\/uploads\/2024\/05\/terapi-624x407.jpg 624w\" sizes=\"(max-width: 1000px) 100vw, 1000px\" \/><\/figure>\n\n\n\n<h2 class=\"wp-block-heading has-medium-font-size\" style=\"font-style:normal;font-weight:100\">Individuel<strong> <\/strong>terapi og vejledning<\/h2>\n\n\n\n<p>Det individuelle arbejde foreg\u00e5r i en atmosf\u00e6re af empati og n\u00e6rv\u00e6r med respektfuld indlevelse i den enkeltes personlighed, behov og gr\u00e6nser, samt s\u00e6rlige ressourcer og kvaliteter.<\/p>\n\n\n\n<p>Udviklingsprocessen f\u00f8lges naturligt og respektfuldt. Accept, lydh\u00f8rhed og empatisk indf\u00f8ling er n\u00f8gleord i processen. Det er en hj\u00e6lp for den enkelte i forhold til at kunne m\u00f8de, forst\u00e5 og give slip p\u00e5 m\u00f8nstre i krop, f\u00f8lelser og tanker, der giver problemer i ens liv.<\/p>\n\n\n\n<p>I arbejdet l\u00e6gges v\u00e6gt p\u00e5 at f\u00e5 en bedre kontakt med sig selv gennem kroppens sprog, hukommelse og visdom. Det kan give indre ro, dybere forst\u00e5else for blokeringer, der giver problemer og nye ressourcer til at skabe forandring.<\/p>\n\n\n\n<p>Processen muligg\u00f8r kontakt med kernen inden i og ens s\u00e6rlige ressourcer og kvaliteter. Det \u00e5bner til hjertets intelligens og giver ny energi, livsgl\u00e6de og frihed til at v\u00e6re den, du (egentlig) er.<\/p>\n\n\n\n<h2 class=\"wp-block-heading has-medium-font-size\" style=\"font-style:normal;font-weight:100\">Supplerende behandlingsmuligheder<\/h2>\n\n\n\n<p>I sessionen kan desuden indg\u00e5:<\/p>\n\n\n\n<ul class=\"wp-block-list\">\n<li>Psykoterapeutisk kropsarbejde<\/li>\n\n\n\n<li>Healing, energiafbalancering og lydhealing<\/li>\n\n\n\n<li>Healingmassage<\/li>\n\n\n\n<li>Supervision og coaching i forhold til arbejde og liv<\/li>\n\n\n\n<li>Dr\u00f8mmetydning<\/li>\n\n\n\n<li>Kropsbevidsthed og \u00e5ndedr\u00e6tsterapi<\/li>\n\n\n\n<li>Meditation og mindfulness-vejledning<\/li>\n\n\n\n<li>Aurasansning<\/li>\n\n\n\n<li>Enkle kostr\u00e5d bl.a. stressafbalancerende kost<\/li>\n\n\n\n<li>Chok-traume-terapi<\/li>\n\n\n\n<li>Spirituel vejledning<\/li>\n<\/ul>\n\n\n\n<h2 class=\"wp-block-heading has-medium-font-size\" style=\"font-style:normal;font-weight:100\">Mulige behandlingsomr\u00e5der<\/h2>\n\n\n\n<p>Min erfaring og mit arbejde gennem 35 \u00e5r vedr\u00f8rer en lang r\u00e6kke problemstillinger indenfor:<\/p>\n\n\n\n<ul class=\"wp-block-list\">\n<li>Psykiske og f\u00f8lelsesm\u00e6ssige problemer<\/li>\n\n\n\n<li>Kropslige sygdomme og problemer<\/li>\n\n\n\n<li>\u00c5ndelige, spirituelle og eksistentielle sp\u00f8rgsm\u00e5l<\/li>\n<\/ul>\n\n\n\n<h2 class=\"wp-block-heading has-medium-font-size\" style=\"font-style:normal;font-weight:100\">Psykiske og f\u00f8lelsesm\u00e6ssige problemer<\/h2>\n\n\n\n<p>Eksempler p\u00e5 psykiske og f\u00f8lelsesm\u00e6ssige problemer, som psykoterapi og kropsterapi kan v\u00e6re en hj\u00e6lp i forhold til:<\/p>\n\n\n\n<ul class=\"wp-block-list\">\n<li>Manglende selvv\u00e6rd<\/li>\n\n\n\n<li>Depression og angst<\/li>\n\n\n\n<li>Skyld og skam<\/li>\n\n\n\n<li>Misbrug og spiseforstyrrelser<\/li>\n\n\n\n<li>Chok og traumer<\/li>\n\n\n\n<li>Tanker, der k\u00f8rer i ring, f.eks. selvbebrejdelser eller bekymringer<\/li>\n\n\n\n<li>Stress, overansvarlighed og gr\u00e6nses\u00e6tningsproblemer<\/li>\n\n\n\n<li>Manglende energi og livsgl\u00e6de<\/li>\n\n\n\n<li>Livskriser, forvirring og overgang til noget nyt<\/li>\n\n\n\n<li>Manglende balance mellem krop, f\u00f8lelser og tanker<\/li>\n\n\n\n<li>Manglende balance mellem det kvindelige og det mandlige<\/li>\n\n\n\n<li>Problemer med kraftfuldhed og at udtrykke sig frit<\/li>\n<\/ul>\n\n\n\n<h2 class=\"wp-block-heading has-medium-font-size\" style=\"font-style:normal;font-weight:100\">Kropslige sygdomme og problemer<\/h2>\n\n\n\n<p>Psykoterapi, healing og kropsarbejde kan v\u00e6re en hj\u00e6lp og st\u00f8tte f.eks. i forhold til:<\/p>\n\n\n\n<ul class=\"wp-block-list\">\n<li>Astma og allergi<\/li>\n\n\n\n<li>Rygproblemer eller andre smerter<\/li>\n\n\n\n<li>Mave- tarmproblemer<\/li>\n\n\n\n<li>Cancer<\/li>\n\n\n\n<li>Hovedpine og migr\u00e6ne<\/li>\n<\/ul>\n\n\n\n<h2 class=\"wp-block-heading has-medium-font-size\" style=\"font-style:normal;font-weight:100\">\u00c5ndelige, spirituelle og eksistentielle sp\u00f8rgsm\u00e5l<\/h2>\n\n\n\n<p>Der tilbydes personlig og spirituel vejledning i forhold til eksempelvis:<\/p>\n\n\n\n<ul class=\"wp-block-list\">\n<li>S\u00f8gen efter mening og retning i livet<\/li>\n\n\n\n<li>S\u00f8gen efter mere livsgl\u00e6de, klarhed og meningsfylde<\/li>\n\n\n\n<li>S\u00f8gen efter en dybere kontakt med den, du er, din indre kerne og s\u00e6rlige kvaliteter<\/li>\n\n\n\n<li>Vejledning i forbindelse med livskriser og overgangssituationer<\/li>\n\n\n\n<li>Vejledning i forhold til meditation og mindfulness<\/li>\n\n\n\n<li>Sp\u00f8rgsm\u00e5l i forhold til tro, h\u00f8jere bevidsthed og guidance<\/li>\n\n\n\n<li>\u00c5bning til intuition og h\u00f8jere bevidsthed, samt bedre balance mellem intuition og intellekt<\/li>\n<\/ul>\n","protected":false},"excerpt":{"rendered":"<p>Jeg tilbyder psykoterapeutisk samtale, supervision og coaching, kropsfordybelse, healing og energiafbalancering. Sessionerne tilpasses den enkeltes \u00f8nsker, behov og proces. Se n\u00e6ste afsnit for supplerende behandlingsmuligheder, der kan indg\u00e5 i sessionen. &#8211; Der tilbydes psykoterapi, samtale og vejledning til b\u00f8rn, unge, voksne og par. &#8211; Terapi, supervision og healing finder sted i Vemmetofte eller K\u00f8ge (n\u00e6r [&hellip;]<\/p>\n","protected":false},"author":4,"featured_media":0,"parent":0,"menu_order":0,"comment_status":"closed","ping_status":"closed","template":"","meta":{"footnotes":""},"class_list":["post-737","page","type-page","status-publish","hentry"],"_links":{"self":[{"href":"https:\/\/turirye.dk\/index.php?rest_route=\/wp\/v2\/pages\/737","targetHints":{"allow":["GET"]}}],"collection":[{"href":"https:\/\/turirye.dk\/index.php?rest_route=\/wp\/v2\/pages"}],"about":[{"href":"https:\/\/turirye.dk\/index.php?rest_route=\/wp\/v2\/types\/page"}],"author":[{"embeddable":true,"href":"https:\/\/turirye.dk\/index.php?rest_route=\/wp\/v2\/users\/4"}],"replies":[{"embeddable":true,"href":"https:\/\/turirye.dk\/index.php?rest_route=%2Fwp%2Fv2%2Fcomments&post=737"}],"version-history":[{"count":15,"href":"https:\/\/turirye.dk\/index.php?rest_route=\/wp\/v2\/pages\/737\/revisions"}],"predecessor-version":[{"id":3136,"href":"https:\/\/turirye.dk\/index.php?rest_route=\/wp\/v2\/pages\/737\/revisions\/3136"}],"wp:attachment":[{"href":"https:\/\/turirye.dk\/index.php?rest_route=%2Fwp%2Fv2%2Fmedia&parent=737"}],"curies":[{"name":"wp","href":"https:\/\/api.w.org\/{rel}","templated":true}]}}