{"id":213,"date":"2013-11-23T11:47:23","date_gmt":"2013-11-23T11:47:23","guid":{"rendered":"http:\/\/turirye.dk\/?page_id=213"},"modified":"2026-03-15T14:57:58","modified_gmt":"2026-03-15T14:57:58","slug":"meditation-og-mindfulness","status":"publish","type":"page","link":"https:\/\/turirye.dk\/?page_id=213","title":{"rendered":"MEDITATION OG MINDFULNESS"},"content":{"rendered":"\n<div class=\"wp-block-cover\" style=\"min-height:344px;aspect-ratio:unset;\"><img fetchpriority=\"high\" decoding=\"async\" width=\"1080\" height=\"600\" class=\"wp-block-cover__image-background wp-image-2567\" alt=\"\" src=\"https:\/\/turirye.dk\/wp-content\/uploads\/2024\/02\/banner_red-4.jpg\" data-object-fit=\"cover\" srcset=\"https:\/\/turirye.dk\/wp-content\/uploads\/2024\/02\/banner_red-4.jpg 1080w, https:\/\/turirye.dk\/wp-content\/uploads\/2024\/02\/banner_red-4-300x167.jpg 300w, https:\/\/turirye.dk\/wp-content\/uploads\/2024\/02\/banner_red-4-1024x569.jpg 1024w, https:\/\/turirye.dk\/wp-content\/uploads\/2024\/02\/banner_red-4-768x427.jpg 768w, https:\/\/turirye.dk\/wp-content\/uploads\/2024\/02\/banner_red-4-624x347.jpg 624w\" sizes=\"(max-width: 1080px) 100vw, 1080px\" \/><span aria-hidden=\"true\" class=\"wp-block-cover__background has-background-dim-0 has-background-dim\"><\/span><div class=\"wp-block-cover__inner-container is-layout-constrained wp-block-cover-is-layout-constrained\">\n<p class=\"has-medium-font-size\">Der er mange meditationsformer, og det er vigtigt at finde en meditationsm\u00e5de, der passer til dig og din proces. P\u00e5 Kursuscenter Skovriderg\u00e5rden arbejder vi overvejende med Bob Moores energi\u00f8velser, meditationer og praksisser. Meditationerne er kropsligt forankrede og afbalancerende i krop og sind. De er mildt hjerte\u00e5bnende, selvhealende og giver en dybere kontakt med dit hjerte og hvem, du er. Det kan \u00e5bne for at se dig selv og dit liv i et nyt lys. Processen \u00e5bner for indre ro, balance og st\u00f8rre frihed til at udfolde dig og de potentialer, du rummer.<\/p>\n<\/div><\/div>\n\n\n\n<h2 class=\"wp-block-heading has-medium-font-size\">Meditationsgrupper<\/h2>\n\n\n\n<p>Meditationsgrupperne er halv\u00e5rlige meditations- og selvudviklingsforl\u00f8b i mindre grupper med ro, n\u00e6nsomhed og respektfuldt rum for den enkeltes proces. Grupperne m\u00f8des hver 14. dag i en halv\u00e5rlig proces. Der vil v\u00e6re to meditationer eller energi\u00f8velser hver gang, som passer til gruppens proces. Det kan v\u00e6re meditation p\u00e5 energistr\u00f8mme i kroppen, p\u00e5 chakraer, farver, symboler eller eksistentielle sp\u00f8rgsm\u00e5l. Meditationerne kan bruges afbalancerende, fordybende og udviklende i hverdagens liv.<\/p>\n\n\n\n<div class=\"wp-block-buttons is-layout-flex wp-block-buttons-is-layout-flex\">\n<div class=\"wp-block-button is-style-outline is-style-outline--1\"><a class=\"wp-block-button__link wp-element-button\" href=\"https:\/\/turirye.dk\/?page_id=1357\"><strong>MEDITATIONSGRUPPER \u2192<\/strong><\/a><\/div>\n<\/div>\n\n\n\n<p><\/p>\n\n\n\n<h2 class=\"wp-block-heading has-medium-font-size\">Fordybelsesdage<\/h2>\n\n\n\n<p>P\u00e5 kursusdage til Sommersolhverv, Jul, Nyt\u00e5r og For\u00e5r arbejder vi meditativt, kropsligt og i naturen med \u00e5rstids- og h\u00f8jtidstemaer. Naturens stilhed skaber ro og en lytten, til hvad \u00e5rets rytme \u00e5bner af forvandling og dybere kontakt med vores indre. N\u00e5r vi f\u00f8lger den naturlige rytme i livsprocessen, kan vi lade det ske, der er parat til at folde sig ud. \u2013 Du kan deltage p\u00e5 et eller flere af kurserne.<\/p>\n\n\n\n<p>Der er mulighed for sp\u00f8rgsm\u00e5l og feedback p\u00e5 dine meditationsoplevelser, din praksis og din udviklingsproces i meditationsgrupperne og p\u00e5 kurserne. Gruppeenergien og meditationsf\u00e6llesskabet er en vigtig del af de processer, som meditationerne og selvhealingsarbejdet bevirker.<\/p>\n\n\n\n<div class=\"wp-block-buttons is-layout-flex wp-block-buttons-is-layout-flex\">\n<div class=\"wp-block-button is-style-outline is-style-outline--2\"><a class=\"wp-block-button__link wp-element-button\" href=\"https:\/\/turirye.dk\/?page_id=1431\"><strong>FORDYBELSESDAGE \u2192<\/strong><\/a><\/div>\n<\/div>\n\n\n\n<p><\/p>\n\n\n\n<div class=\"wp-block-buttons is-layout-flex wp-block-buttons-is-layout-flex\"><\/div>\n","protected":false},"excerpt":{"rendered":"<p>Meditationsgrupper Meditationsgrupperne er halv\u00e5rlige meditations- og selvudviklingsforl\u00f8b i mindre grupper med ro, n\u00e6nsomhed og respektfuldt rum for den enkeltes proces. Grupperne m\u00f8des hver 14. dag i en halv\u00e5rlig proces. Der vil v\u00e6re to meditationer eller energi\u00f8velser hver gang, som passer til gruppens proces. Det kan v\u00e6re meditation p\u00e5 energistr\u00f8mme i kroppen, p\u00e5 chakraer, farver, symboler [&hellip;]<\/p>\n","protected":false},"author":4,"featured_media":0,"parent":211,"menu_order":1,"comment_status":"closed","ping_status":"open","template":"","meta":{"footnotes":""},"class_list":["post-213","page","type-page","status-publish","hentry"],"_links":{"self":[{"href":"https:\/\/turirye.dk\/index.php?rest_route=\/wp\/v2\/pages\/213","targetHints":{"allow":["GET"]}}],"collection":[{"href":"https:\/\/turirye.dk\/index.php?rest_route=\/wp\/v2\/pages"}],"about":[{"href":"https:\/\/turirye.dk\/index.php?rest_route=\/wp\/v2\/types\/page"}],"author":[{"embeddable":true,"href":"https:\/\/turirye.dk\/index.php?rest_route=\/wp\/v2\/users\/4"}],"replies":[{"embeddable":true,"href":"https:\/\/turirye.dk\/index.php?rest_route=%2Fwp%2Fv2%2Fcomments&post=213"}],"version-history":[{"count":17,"href":"https:\/\/turirye.dk\/index.php?rest_route=\/wp\/v2\/pages\/213\/revisions"}],"predecessor-version":[{"id":3164,"href":"https:\/\/turirye.dk\/index.php?rest_route=\/wp\/v2\/pages\/213\/revisions\/3164"}],"up":[{"embeddable":true,"href":"https:\/\/turirye.dk\/index.php?rest_route=\/wp\/v2\/pages\/211"}],"wp:attachment":[{"href":"https:\/\/turirye.dk\/index.php?rest_route=%2Fwp%2Fv2%2Fmedia&parent=213"}],"curies":[{"name":"wp","href":"https:\/\/api.w.org\/{rel}","templated":true}]}}