{"id":1451,"date":"2024-02-01T17:37:07","date_gmt":"2024-02-01T17:37:07","guid":{"rendered":"https:\/\/turirye.dk\/?page_id=1451"},"modified":"2024-05-01T19:51:53","modified_gmt":"2024-05-01T19:51:53","slug":"senior-yoga-og-meditation","status":"publish","type":"page","link":"https:\/\/turirye.dk\/?page_id=1451","title":{"rendered":"SENIOR YOGA OG MEDITATION"},"content":{"rendered":"\n<h2 class=\"wp-block-heading\">6. maj &#8211; 17. juni 2024<\/h2>\n\n\n\n<p>Min mand Leif Thomsen er underviser p\u00e5 dette kursus. Leif er tidligere kultursociolog med fokus p\u00e5 sociale bev\u00e6gelser, urbanitet og \u00f8kologi. Han har praktiseret yoga i 20 \u00e5r og har udviklet et seniorvenligt program. Hele kroppen aktiveres med givende \u00f8velser, der styrker balancen, bev\u00e6geligheden og gennemstr\u00f8mningen af livsenergi. Det vitaliserer sundheden og styrker t\u00e6nkningens klarhed.<\/p>\n\n\n\n<p>Vi indleder med en lille meditation, der giver ro i kroppen og sindet, og afslutter med en integrerende meditation.<\/p>\n\n\n\n<p class=\"has-light-gray-background-color has-background\"><strong>Dato:<\/strong> 6. maj &#8211; 17. juni 2024<br><strong>Tid:<\/strong> Mandage kl. 10 &#8211; 11.30<br><strong>Pris:<\/strong> 50 kr. pr. gang. F\u00f8rste gang er gratis introduktion<\/p>\n\n\n<div class=\"wp-block-image\">\n<figure class=\"aligncenter size-full\"><img fetchpriority=\"high\" decoding=\"async\" width=\"1000\" height=\"667\" src=\"https:\/\/turirye.dk\/wp-content\/uploads\/2024\/05\/harald.jpg\" alt=\"\" class=\"wp-image-2759\" srcset=\"https:\/\/turirye.dk\/wp-content\/uploads\/2024\/05\/harald.jpg 1000w, https:\/\/turirye.dk\/wp-content\/uploads\/2024\/05\/harald-300x200.jpg 300w, https:\/\/turirye.dk\/wp-content\/uploads\/2024\/05\/harald-768x512.jpg 768w, https:\/\/turirye.dk\/wp-content\/uploads\/2024\/05\/harald-624x416.jpg 624w\" sizes=\"(max-width: 1000px) 100vw, 1000px\" \/><\/figure>\n<\/div>","protected":false},"excerpt":{"rendered":"<p>6. maj &#8211; 17. juni 2024 Min mand Leif Thomsen er underviser p\u00e5 dette kursus. Leif er tidligere kultursociolog med fokus p\u00e5 sociale bev\u00e6gelser, urbanitet og \u00f8kologi. Han har praktiseret yoga i 20 \u00e5r og har udviklet et seniorvenligt program. Hele kroppen aktiveres med givende \u00f8velser, der styrker balancen, bev\u00e6geligheden og gennemstr\u00f8mningen af livsenergi. Det [&hellip;]<\/p>\n","protected":false},"author":1,"featured_media":0,"parent":0,"menu_order":0,"comment_status":"closed","ping_status":"closed","template":"","meta":{"footnotes":""},"class_list":["post-1451","page","type-page","status-publish","hentry"],"_links":{"self":[{"href":"https:\/\/turirye.dk\/index.php?rest_route=\/wp\/v2\/pages\/1451","targetHints":{"allow":["GET"]}}],"collection":[{"href":"https:\/\/turirye.dk\/index.php?rest_route=\/wp\/v2\/pages"}],"about":[{"href":"https:\/\/turirye.dk\/index.php?rest_route=\/wp\/v2\/types\/page"}],"author":[{"embeddable":true,"href":"https:\/\/turirye.dk\/index.php?rest_route=\/wp\/v2\/users\/1"}],"replies":[{"embeddable":true,"href":"https:\/\/turirye.dk\/index.php?rest_route=%2Fwp%2Fv2%2Fcomments&post=1451"}],"version-history":[{"count":9,"href":"https:\/\/turirye.dk\/index.php?rest_route=\/wp\/v2\/pages\/1451\/revisions"}],"predecessor-version":[{"id":2760,"href":"https:\/\/turirye.dk\/index.php?rest_route=\/wp\/v2\/pages\/1451\/revisions\/2760"}],"wp:attachment":[{"href":"https:\/\/turirye.dk\/index.php?rest_route=%2Fwp%2Fv2%2Fmedia&parent=1451"}],"curies":[{"name":"wp","href":"https:\/\/api.w.org\/{rel}","templated":true}]}}